he prime factors of 60678968.
2, 7, 23, 47111
What are the prime factors of 152328163?
13, 61, 192091
List the prime factors of 3057084735.
3, 5, 29, 229, 30689
List the prime factors of 5930433.
3, 17, 83, 467
What are the prime factors of 215576326?
2, 7, 1619, 9511
List the prime factors of 1649050736.
2, 19, 5424509
List the prime factors of 7742804298.
2, 3, 61, 331, 63913
What are the prime factors of 489717717?
3, 163239239
List the prime factors of 87524773.
7, 19, 409, 1609
What are the prime factors of 19003966?
2, 311, 30553
List the prime factors of 977874685.
5, 195574937
What are the prime factors of 8937565960?
2, 5, 53, 4215833
What are the prime factors of 3326381096?
2, 31, 2719, 4933
List the prime factors of 1922349113.
1922349113
List the prime factors of 15761913.
3, 499, 10529
What are the prime factors of 70975591?
239, 296969
List the prime factors of 11318011.
461, 24551
List the prime factors of 548109581.
20929, 26189
List the prime factors of 116752561.
116752561
What are the prime factors of 316521223?
316521223
List the prime factors of 1092199386.
2, 3, 59, 3085309
List the prime factors of 1887853863.
3, 7, 89897803
List the prime factors of 115466904.
2, 3, 7, 76367
List the prime factors of 44024203.
17, 2589659
List the prime factors of 5456525796.
2, 3, 23, 71, 10313
What are the prime factors of 17942955?
3, 5, 31, 47, 821
What are the prime factors of 62181937?
17, 3657761
What are the prime factors of 3246074716?
2, 811518679
What are the prime factors of 163967523?
3, 54655841
What are the prime factors of 1457556164?
2, 364389041
What are the prime factors of 485705118?
2, 3, 163, 496631
List the prime factors of 2521165589.
2699, 934111
What are the prime factors of 113524536?
2, 3, 1787, 2647
What are the prime factors of 622381868?
2, 8233, 18899
What are the prime factors of 38886876?
2, 3, 7, 154313
What are the prime factors of 1098238?
2, 19, 28901
List the prime factors of 3175555115.
5, 67, 73, 129853
What are the prime factors of 192419124?
2, 3, 17, 943231
List the prime factors of 53507926.
2, 59, 467, 971
What are the prime factors of 518123441?
11, 47, 1002173
What are the prime factors of 8410756?
2, 271, 7759
What are the prime factors of 1215099917?
149, 8155033
List the prime factors of 57550442.
2, 29, 992249
What are the prime factors of 5000244244?
2, 383, 1399, 2333
What are the prime factors of 35238606?
2, 3, 13, 367, 1231
List the prime factors of 2845517.
53, 1013
What are the prime factors of 57670845?
3, 5, 827, 4649
List the prime factors of 49219578.
2, 3, 2734421
What are the prime factors of 64067969?
7, 9152567
List the prime factors of 21147326.
2, 10573663
What are the prime factors of 35146070?
2, 5, 23, 152809
What are the prime factors of 40744920?
2, 3, 5, 17, 19973
List the prime factors of 2210050069.
61, 293, 123653
List the prime factors of 20792341.
20792341
What are the prime factors of 267245476?
2, 97, 688777
What are the prime factors of 165936535?
5, 33187307
List the prime factors of 425733154.
2, 7, 11, 197, 14033
List the prime factors of 67417100.
2, 5, 419, 1609
What are the prime factors of 404403755?
5, 7, 743, 15551
What are the prime factors of 305805981?
3, 13, 43, 182353
List the prime factors of 67962544.
2, 13, 19, 29, 593
List the prime factors of 548140014.
2, 3, 137, 74093
List the prime factors of 72944044.
2, 61, 89, 3359
List the prime factors of 2638008787.
2638008787
List the prime factors of 139355321.
7, 23, 71, 73, 167
What are the prime factors of 58342310?
2, 5, 13, 31, 467
What are the prime factors of 3217401051?
3, 73, 97, 311, 487
What are the prime factors of 182954971?
19, 9629209
List the prime factors of 853803653.
83, 10286791
What are the prime factors of 3834079?
3834079
What are the prime factors of 53324319?
3, 17774773
What are the prime factors of 73910533?
5791, 12763
List the prime factors of 163783200.
2, 3, 5, 7, 9749
List the prime factors of 45614012.
2, 827, 13789
List the prime factors of 724939273.
2999, 241727
What are the prime factors of 90771667?
7, 43, 67, 643
List the prime factors of 579215532.
2, 3, 7, 19, 23, 31, 509
What are the prime factors of 1444043697?
3, 67, 709, 10133
What are the prime factors of 160899332?
2, 11, 97, 37699
List the prime factors of 44977644.
2, 3, 37, 33767
List the prime factors of 1553552819.
7, 13, 61, 239, 1171
What are the prime factors of 217464284?
2, 2687, 20233
List the prime factors of 4356502281.
3, 484055809
What are the prime factors of 352359938?
2, 7, 1489, 16903
List the prime factors of 153483747.
3, 29, 61, 28921
What are the prime factors of 2734063988?
2, 683515997
What are the prime factors of 119757555?
3, 5, 887093
What are the prime factors of 95362394?
2, 37, 421, 3061
List the prime factors of 632438496.
2, 3, 29, 43, 587
What are the prime factors of 53879385?
3, 5, 7, 513137
List the prime factors of 343724107.
1097, 313331
What are the prime factors of 3097357955?
5, 619471591
List the prime factors of 1803967648.
2, 7, 17, 23, 43, 479
List the prime factors of 1890638940.
2, 3, 5, 313, 100673
What are the prime factors of 931452020?
2, 5, 46572601
What are the prime factors of 617074506?
2, 3, 109, 314513
List the prime factors of 244215612.
2, 3, 29, 233923
What are the prime factors of 154267089?
3, 51422363
What are the prime factors of 474649637?
7, 11, 1733, 3557
What are the prime factors of 536898978?
2, 3, 7, 11, 55339
List the prime factors of 79598337.
3, 7, 13, 291569
What are the prime factors of 51316090?
2, 5, 7, 137, 5351
List the prime factors of 66215136.
2, 3, 13, 17, 3121
What are the prime factors of 90109016?
2, 11263627
What are the prime factors of 57031138?
2, 541, 52709
What are the prime factors of 634788022?
2, 11, 2623091
List the prime factors of 46358981.
31, 1495451
List the prime factors of 3465843174.
2, 3, 97, 661673
What are the prime factors of 559303107?
3, 11, 43, 394153
List the prime factors of 441027919.
441027919
List the prime factors of 48089006.
2, 7, 3434929
What are the prime factors of 262795564?
2, 29, 61, 37139
List the prime factors of 3455225325.
3, 5, 15356557
What are the prime factors of 122933259?
3, 31, 43, 10247
What are the prime factors of 2033652080?
2, 5, 19, 31, 43159
What are the prime factors of 34136519?
34136519
What are the prime factors of 11381834?
2, 5690917
List the prime factors of 238704245.
5, 13, 3672373
What are the prime factors of 178198212?
2, 3, 14849851
List the prime factors of 46752191.
46752191
List the prime factors of 1088665863.
3, 73, 1433, 3469
List the prime factors of 101552283.
3, 7, 19, 43, 1973
What are the prime factors of 68785575?
3, 5, 917141
What are the prime factors of 78894379?
43, 1834753
What are the prime factors of 3223284965?
5, 89, 149, 173, 281
What are the prime factors of 13123757?
31, 423347
List the prime factors of 162617124.
2, 3, 19, 713233
List the prime factors of 33261873.
3, 263, 42157
List the prime factors of 1099739111.
1099739111
List the prime factors of 1148658268.
2, 107, 2683781
What are the prime factors of 2446342448?
2, 11, 13899673
What are the prime factors of 1289211918?
2, 3, 214868653
List the prime factors of 1839604310.
2, 5, 151, 1218281
List the prime factors of 1032263014.
2, 516131507
What are the prime factors of 25624906?
2, 1433, 8941
What are the prime factors of 4331766289?
4331766289
List the prime factors of 88846488.
2, 3, 17, 29, 2503
What are the prime factors of 1767861703?
491, 3600533
What are the prime factors of 51179447?
11, 4652677
What are the prime factors of 1613769765?
3, 5, 107584651
List the prime factors of 234217466.
2, 7, 17, 193, 5099
List the prime factors of 35518657.
19, 1869403
What are the prime factors of 1112352708?
2, 3, 92696059
What are the prime factors of 156421297?
3167, 49391
List the prime factors of 1874329503.
3, 624776501
What are the prime factors of 216251947?
67, 3227641
List the prime factors of 53070447.
3, 17, 1040597
What are the prime factors of 306852940?
2, 5, 15342647
What are the prime factors of 78625689?
3, 47, 347, 1607
List the prime factors of 8586964.
2, 107, 20063
What are the prime factors of 1482979220?
2, 5, 53, 1399037
List the 